 - b**4/24 - 3*b**2. Let x(z) be the second derivative of y(z). Is x(5) composite?
False
Suppose -4*s + 30 = 10. Let m(a) = 2*a**2 + 6*a - 6. Is m(s) a composite number?
True
Let s(y) be the second derivative of 23*y**3/6 + 9*y**2/2 - y. Let u(o) = 69*o + 28. Let m(r) = -11*s(r) + 4*u(r). Is m(12) a prime number?
False
Let w(i) = i**3 + 9*i**2 + 9*i - 1. Let o be w(-8). Let t = -11 - o. Is t + 5 - -7*1 composite?
True
Suppose 2*b - 744 = -b. Let f = b - 119. Is f a prime number?
False
Let w(k) = -2*k**3 + 8*k**2 - 10*k - 3. Is w(-7) prime?
False
Suppose 0 = -5*s + 5 + 5. Suppose s*d - 5*d = -5*f + 8, -f = d - 8. Is f prime?
False
Let j = -3591 - -5986. Suppose -30 - j = -5*m. Is m a prime number?
False
Let q = -41 + 41. Suppose -g + 44 = 3*g. Let a = q + g. Is a a composite number?
False
Suppose o = 3*s - 4*s - 8, -o + 2*s + 7 = 0. Let a = 16 - o. Is a a prime number?
True
Suppose -4*x = -30 + 6. Let c = -3 + x. Suppose -4*n + l = -221, -c*l - 58 = 2*n - 3*n. Is n a composite number?
True
Is (2 + 12858/(-12))*(-4)/6 prime?
False
Let o = 11 + -18. Let h(s) = s + 8. Let q be h(o). Is (156/(-8))/(q/(-2)) prime?
False
Let i(o) be the first derivative of -9*o**5/5 - o**3/3 - o**2/2 - o + 1. Let p(f) be the first derivative of i(f). Is p(-1) composite?
False
Suppose j - 19 = -2*h, 3*h = 2*j - 11 - 55. Suppose 0*d - f = -d + j, 0 = -d + 5*f + 11. Is d a prime number?
True
Let t(k) = -2*k**2 - 4*k + 1087. Is t(0) a composite number?
False
Is -2*(7857/(-2) + (-5 - -3)) a prime number?
False
Let f(g) = 5*g**2 - 1. Let c be f(-1). Suppose -s = 0, -c*p = -5*p + 2*s + 2. Suppose -p*a + 4*a + 61 = 3*r, 3*r = 4*a + 59. Is r a prime number?
False
Let f = 9 - 4. Suppose f*t - 530 = 585. Is t prime?
True
Let d(i) = 2*i**2 + 3*i + 3. Let y be d(-2). Suppose 623 = 3*j - 4*q, -q + 828 = 4*j - y*q. Is j composite?
True
Let p = 191 + -57. Suppose -p = -2*y - 24. Is y prime?
False
Let t(f) = 92*f**2 + 4*f - 1. Let k be t(-3). Suppose -4*a - a = -k. Is a composite?
False
Let h(g) = -2*g**3 - g**2 - 7*g - 1. Let n(o) = -o**2 - o - 7. Let l be n(0). Is h(l) prime?
False
Let k be (5/15)/((-3)/1179). Let q = k - -210. Is q a prime number?
True
Let r(o) = -27685*o + 1469. Let j(f) = -6 + 53*f + 27*f - 24*f + 57*f. Let z(t) = 1469*j(t) + 6*r(t). Is z(-1) prime?
True
Let n = 8 + -5. Suppose 0 = -3*i - 4*b + 22, 4*i = -b + n*b. Is i a prime number?
True
Let r(d) = d - 6. Let z be r(6). Let o be 0 + z + -1 + 1. Suppose -4 = 2*i - 5*f - 100, -2*i - 5*f + 116 = o. Is i a composite number?
False
Suppose -3*q = -3*p - 48, -4*q + 56 = q + p. Let x(m) = q - 8 - 6 + 2*m. Is x(8) prime?
False
Let h(g) = g**3 - g**2. Let f be (2 + -3)*-1*1. Let n be h(f). Suppose 3*x - 16 - 2 = n. Is x a prime number?
False
Let f(p) = -3*p + 2. Let c be f(-1). Suppose 4*m = 6*m + h - 29, -c*m + h = -69. Is m a composite number?
True
Let c be 94 - (0/(-2))/(-3). Suppose c = -0*n + 2*n. Suppose 3*a - 10 = n. Is a a prime number?
True
Is (-2 + 393/6)*2 composite?
False
Let g(k) = 12*k + 5. Suppose 2*u - 3*t = 5*u - 27, -5*u = 2*t - 30. Is g(u) prime?
True
Let q = -5 + 1. Let f be (5 + 1)/((-8)/q). Suppose a = f + 7. Is a prime?
False
Suppose -4*f = -5*q - 5*f + 2800, 2770 = 5*q - 5*f. Is q composite?
True
Let b = 7 + -3. Is (2 - b)*62/(-4) a prime number?
True
Let c(t) = -t**3 + 5*t**2 + 4*t + 6. Let s be c(6). Let k(u) be the second derivative of u**5/20 + 7*u**4/12 + u**3 + 3*u**2 - 6*u. Is k(s) prime?
False
Let q be 2/6 - (-1192)/6. Suppose s = -2*w - 143, 7*s = 4*s - 5*w - 426. Let o = s + q. Is o composite?
True
Let p = -81 - -120. Suppose 3 = -d + 8, -19 = 2*k + d. Let b = p - k. Is b prime?
False
Let l be (-16)/(-2) - (6 + -8). Suppose 2*c + l = 76. Is c prime?
False
Let b be 2/(3/(3/(-2))). Let g be (-15)/(-12)*(b + 29). Suppose -2*w = 5*i - 70, -3*i - g = -5*w + 140. Is w prime?
False
Let f = 2 + -2. Suppose f = -3*b - b. Suppose o - 2*x - 75 = b, -4*o + 313 = 3*x + 2*x. Is o a prime number?
False
Let p(z) = z**2 + 2*z + 1. Let h be p(-1). Suppose -2*v - 5*i = -v + 284, h = -3*i - 15. Let d = -140 - v. Is d a prime number?
False
Suppose 1439 = -2*s + 517. Is s/(-4) - 1/4 a composite number?
True
Let s = -4 - -2. Let t be 7*-4 - 4/s. Let r = t + 45. Is r a composite number?
False
Suppose -97 = 5*g - 4*j, -3*g - 3*j + 5*j - 57 = 0. Let c = g + 12. Let o = 24 + c. Is o composite?
False
Let d(k) = k**3 - 12*k**2 + 10*k + 9. Let x be d(11). Is ((-14)/21)/(x/111) a prime number?
True
Let t be (8 - 9)*-1*5. Suppose t*h = -59 + 994. Is h a composite number?
True
Suppose 5633 - 368 = 5*a. Suppose 0 = 5*y - 32 - a. Is y a composite number?
True
Let n(q) = -q**2 - q. Let v be n(-2). Let j(k) = -14*k + 3. Is j(v) composite?
False
Suppose -5*j - 52 = -j. Let n = j - -28. Is n prime?
False
Suppose 0 = -5*d + 2*d + 4311. Is d composite?
True
Let b be -3 - ((2 - 137) + -1). Suppose 0*z + z - b = 0. Suppose -2*q + 276 = 2*h, h - 2*q + 4*q - z = 0. Is h a prime number?
False
Let j = 667 - 182. Is j a prime number?
False
Suppose -5363 = -6*t + 12739. Is t a prime number?
False
Let z = -557 + 1108. Is z a prime number?
False
Suppose 0 = 5*f - i - 403, f = -i - 3*i + 68. Let x be (-4)/(-18) + f/45. Suppose -3*m + x*m = -35. Is m a prime number?
False
Suppose 0*i = -5*i - 120. Let z be i/(((-18)/(-32))/(-3)). Let d = z - -33. Is d a prime number?
False
Let v(y) = -8*y + 1. Let o be v(1). Let x(g) = g**3 + 8*g**2 - 2*g - 9. Let b(c) = 1. Let z(r) = 4*b(r) + x(r). Is z(o) prime?
False
Let a = 4 + -1. Let d = 34 - 29. Suppose a*x + 58 = -d*u + 419, -u + 3*x = -83. Is u a prime number?
False
Let f = 6 - 5. Let i = f - -3. Suppose -88 = i*k - 244. Is k a prime number?
False
Let p be 0 - -1 - (2 + -4). Suppose -a + 12 = p*a. Suppose -5*i + 26 = -a*i. Is i prime?
True
Let w = -26 + 171. Is w a composite number?
True
Let d be -1 - (0/3 - 1). Let i(k) = k + 17. Let r be i(d). Suppose 4*f - r = 87. Is f composite?
True
Let m(o) = -o**3 + 10*o**2 - 6*o - 1. Is m(9) composite?
True
Let y(j) = 4*j**2 + 3 + 0*j - 5*j**2 + 0*j**2 - 3*j. Let i be y(-3). Suppose a + i*r = 64, 2*a + 3*r - 50 - 93 = 0. Is a a prime number?
True
Let k be (-1 - -2)/(5/755). Let b = k - 74. Is b composite?
True
Suppose 2*q - 2 - 14 = 0. Suppose q*b - 3*b = 1290. Let h = -181 + b. Is h a prime number?
False
Let h(m) = 2*m + 16. Is h(-5) composite?
True
Suppose 0*o - 2*o + 2 = 0. Let h = o + 1. Suppose -120 = -2*t + h*k + 3*k, k = 5*t - 323. Is t composite?
True
Let f = 16 + -11. Suppose f = -b + 54. Is b composite?
True
Let p(q) be the second derivative of -19*q**3/3 + 3*q**2/2 - q. Let c(g) = -g**3 + 7*g**2 + 8*g - 4. Let n be c(8). Is p(n) prime?
False
Suppose 0 = -2*t + 5 + 1. Suppose m + 16 = -t*m, -2*m = 5*g - 477. Is g a composite number?
False
Suppose 4*d - 2136 - 3356 = 0. Is d a prime number?
True
Let b(r) = 4*r - 39. Let p be b(9). Let t(f) be the first derivative of 4*f**3/3 + f**2/2 - 1. Is t(p) a composite number?
True
Let h = -818 - -1240. Is h a prime number?
False
Let s = 9 - 2. Let p(f) = -f**2 + 14*f. Is p(s) a composite number?
True
Is (-4 - 18/(-4))*1126 prime?
True
Let v be 0/4 + (4 - 1). Suppose 4*k - g - 44 = 99, v*k = -4*g + 131. Is k a prime number?
True
Suppose 84*h = 87*h - 2259. Is h prime?
False
Let g = -1 - -1. Let w(d) = -d + 2. Let c be w(-5). Suppose -4*l + 147 - c = g. Is l a prime number?
False
Suppose 4 = -h - 6*n + n, 5*h - 5*n = -20. Suppose -i - 5 - 7 = 0. Is -177*(i/(-9))/h prime?
True
Let c(p) = -p**3 + 12*p**2 - 11*p + 5. Let b be c(11). Suppose -595 - 547 = -5*n + 3*w, 0 = -b*n - w + 1126. Is n prime?
False
Suppose u - 5*x + 148 = 0, -2*u - 680 = 2*u + 2*x. Let a = -57 - u. Is a prime?
False
Suppose -5 = -3*f + 400. Let l = f - 26. Is l a prime number?
True
Suppose 5*k = 2*k + 705. Is k composite?
True
Let l = -18 + 30. Let p be -132*((-95)/(-20) + -4). Let s = l - p. Is s a prime number?
False
Let v = 177 - 100. Is v a composite number?
True
Let c(g) = -19*g**3 + 2*g**2 - 2*g - 3. Let q(f) = -3*f + 1. Let r(p) = 4*p - 2. Let t(m) = 3*q(m) + 2*r(m). Let z be t(1). Is c(z) a composite number?
True
Let g(b) = -5*b**3 - 3*b + 3. Let z(j) = 11*j**3 + j**2 + 6*j - 6. Let t(r) = -5*g(r) - 2*z(r). Is t(2) composite?
False
Suppose 1002 = -5*f + 11*f. Is f a composite number?
False
Let w be (-2853)/(-4) + 7/(-28). Is w